. Let a = q + r. List the prime factors of a.
2
Let n = 1 + 3. Suppose 68 = -n*k + 360. Suppose 3*f - k = -25. List the prime factors of f.
2
List the prime factors of (-4362)/(-12) + 4/(-8).
3, 11
Let f be -2 - -14*3/6. Suppose -f*k = t + 10, -t = -0*t - 5*k - 20. Suppose 3*i = i + 2*d + 18, -i - t*d = 15. List the prime factors of i.
5
Suppose m - 4*w + 11 = -0*w, -3*m - 2*w + 23 = 0. What are the prime factors of 62/10 - 1/m?
2, 3
Let z(w) = w**2 - w + 36. List the prime factors of z(0).
2, 3
Let i(r) = 261*r - 5. List the prime factors of i(1).
2
Suppose 5*x - 135 = 315. What are the prime factors of x?
2, 3, 5
Let p(h) be the first derivative of 2*h**3/3 + h - 2. Let o be p(1). Suppose 5*l + 3*g = 45, l - 3*g + 18 = o*l. List the prime factors of l.
3
Suppose -b + 5 = -3*p + p, -3*b - 6 = p. Let d(f) = -f - 3*f + 2*f. What are the prime factors of d(b)?
2
Let l = 88 + -14. What are the prime factors of l?
2, 37
Let c = -6 - 0. List the prime factors of c/4*130/(-15).
13
Suppose -4*z - 10 = -9*z. List the prime factors of z.
2
Suppose 2*d - 11 = 1. Suppose -4*l + 9 = -l - 5*w, -w - d = -2*l. Let b(r) = 3*r - 2. List the prime factors of b(l).
7
Let x be (0 - (-4)/2)/1. Suppose -15 = -3*w - 3*r, -4*w - 17 = -w - 5*r. Let t = x + w. What are the prime factors of t?
3
List the prime factors of 2/3 - 566/(-6).
5, 19
Suppose f - 36 = 2*n, -4 = n + n. What are the prime factors of f?
2
Let u(h) = -h**3 - 4*h**2 + 1. Let m be u(-4). Let q(j) = 14*j. What are the prime factors of q(m)?
2, 7
Let g(q) = q**3 + 14*q**2 - 36*q + 21. List the prime factors of g(-16).
5, 17
Suppose 7*y = 10*y - 159. List the prime factors of y.
53
Let m(b) = 4*b**3 - 2*b + 2. List the prime factors of m(2).
2, 3, 5
Let f be ((-12)/(-12))/(1/(-33)). Let b = -16 - f. What are the prime factors of b?
17
Let v = 0 - -2. Suppose 2*k = -v*k. Suppose -2*d + 28 = -p + 3*p, k = -3*p - 2*d + 41. What are the prime factors of p?
13
List the prime factors of 2*(-4)/(-16)*22.
11
Let j = -9 - -13. List the prime factors of j.
2
Let q = 12 - -19. List the prime factors of q.
31
Suppose 4*x + 692 = 3*y, -y = -7*x + 11*x - 252. List the prime factors of y.
2, 59
Let w = -4 - -7. Let r be (1 - 29)*5/(-4). Suppose -w*g - 11 = -r. List the prime factors of g.
2
Let v(q) = -q**3 - q**2 + 50. Let f be v(0). Let j = -25 + f. List the prime factors of j.
5
Let l = 9 + -16. Let f = l + 10. Suppose f*z = z + 48. What are the prime factors of z?
2, 3
Suppose -6*d - 2 = -8*d. List the prime factors of 3 + (2 - (d + -1)).
5
Let f be 35/((1 - 0) + 0). Suppose -o - n - 19 = -3*n, 60 = -3*o + 5*n. Let g = f + o. List the prime factors of g.
2, 5
Suppose 0 = x - 0*p + 2*p - 36, 180 = 5*x + p. What are the prime factors of (-1)/((-3)/x*1)?
2, 3
Let w = 4 + -1. Suppose w*m = 122 - 8. Suppose -5*r + n + m = -2*n, -4*n + 16 = 0. What are the prime factors of r?
2, 5
Let i = 348 + -179. What are the prime factors of i?
13
Let a(d) = -5*d - 10. Let n(m) = m - 1. Let z(p) = -a(p) - 6*n(p). Let t be z(12). Suppose -t*r = 13 - 89. What are the prime factors of r?
19
Let n(s) = s**2 - 2*s - 7. List the prime factors of n(6).
17
Let s = -6 + 10. Suppose -s*y + 22 = -62. What are the prime factors of y?
3, 7
Let w(x) be the second derivative of 7*x**4/6 - x**3/6 + 6*x. List the prime factors of w(1).
13
Let o(a) = 3*a**2 - 7*a - 1. What are the prime factors of o(4)?
19
Let o(g) be the first derivative of 19*g**2/2 - 2*g - 5. What are the prime factors of o(1)?
17
Let m = -21 - -23. Suppose -t + 1 = 3. List the prime factors of 16 - -2*m/t.
2, 7
Let m(a) = a - 1. Let t be m(-1). Let g = 10 - 7. Let o = g - t. What are the prime factors of o?
5
Suppose -5*q + 12 = -13. What are the prime factors of q?
5
Suppose -k - 174 = -2*p, 3*p - 289 = 2*k - 30. List the prime factors of p.
89
Let v be (-12)/(-18)*2*3. Suppose v*s + 6 = s. What are the prime factors of -1*(-3)/(-1 - s)?
3
Let c(x) = x + 24. List the prime factors of c(-12).
2, 3
Suppose h + 470 = 6*h. Suppose -n + h = n. List the prime factors of n.
47
Suppose l - 1 = 3*h + h, -3*l = -5*h - 17. Let y be 3/(l/15*1). Suppose y*j + 0*j - 35 = -v, 3*v = -4*j + 28. List the prime factors of j.
7
Suppose 4*a + 14 = 2*h + 2*a, -2*h + 16 = -3*a. Suppose h*x = 6*x. Suppose 0 = -x*p - 5*p + 30. What are the prime factors of p?
2, 3
Let f(m) = -m**3 + 4*m**2 - 2*m - 1. Suppose -26 = 3*j - 71. Suppose -j + 7 = -4*k - 2*z, 5*z = -10. List the prime factors of f(k).
2
Let u = -1477 + 553. List the prime factors of (-8)/36 + u/(-27).
2, 17
Suppose 2*d - 2*o - 98 = 0, 5*d + 3*o = d + 175. What are the prime factors of d?
2, 23
Suppose -16 = -4*o, o = 5*t - 3*o - 219. What are the prime factors of t?
47
What are the prime factors of (1 + 4 + -4)/(2/134)?
67
Suppose 2*l = 5*o + 7, -2*o + 2 + 0 = 4*l. Let u(y) = 19*y - 1. List the prime factors of u(l).
2, 3
Suppose -7*l + 8*l = -46. Let t = -8 - l. List the prime factors of t.
2, 19
Suppose 5*s + 312 = 3*f, f = s + 3*s + 111. What are the prime factors of (4/6)/(3/f)?
2, 11
Suppose a - 3*v - 144 = 0, -126 = -a - v - 2*v. What are the prime factors of a?
3, 5
Let u = -41 + 69. What are the prime factors of u?
2, 7
Let v(u) = -u**3 + 6*u**2 + 8. Let b(t) be the third derivative of -t**5/60 - 5*t**4/12 - 5*t**3/3 - t**2. Let k be b(-8). What are the prime factors of v(k)?
2
Let r(y) = 6*y**2 + 2*y. Let s be r(2). List the prime factors of (-2)/(-7) - (-272)/s.
2, 5
Let s(p) = -p**3 - 4*p**2 + 10*p + 15. List the prime factors of s(-6).
3
Let v = 39 - -97. What are the prime factors of v?
2, 17
Let f(h) = h**2 - h + 19. Let z(y) = -y + 9. Let d be z(7). Suppose 2*v = -d*v. List the prime factors of f(v).
19
Let g(d) = 6*d - 1. Let s be g(2). Let c(k) = s*k - 14*k**2 - 6*k + k**3 - 5 - 3 + 9*k. List the prime factors of c(13).
5
Suppose 2*n - 82 = -0*n. What are the prime factors of n?
41
Let u(a) = -5*a - 4. Let b = -8 + 2. List the prime factors of u(b).
2, 13
Let o(c) = -4*c + 1. Let f be o(-1). Let b = f + 31. List the prime factors of b.
2, 3
Suppose 23 = p - 0*p. What are the prime factors of p?
23
Suppose 5*l - 138 = 2*j, -5*j - 29 + 9 = 0. Let d = l + -15. Let i = d + -7. List the prime factors of i.
2
Let c(s) = s**2 - 8*s + 4. Let x(t) = 2*t**2 - 17*t + 9. Let l(n) = 9*c(n) - 4*x(n). List the prime factors of l(6).
2, 3
Suppose -3*x = 3*w - 138, 0*x + 5 = x. What are the prime factors of w?
41
Let n be (-1)/(((-7)/(-24))/(-7)). Let m(f) = 2*f**2 + 4*f + 2. Let a be m(-2). Suppose n = -a*c + 5*c. What are the prime factors of c?
2
Let t be (-1)/(2 + 261/(-129)). Let d = 63 - t. What are the prime factors of d?
2, 5
Suppose 2*t - 35 = -3*k, 6 = 3*t - 5*k + 1. List the prime factors of t.
2, 5
Suppose 2*d + 0*h + 3*h = 181, -d = -2*h - 80. List the prime factors of d.
2, 43
Let v = 1 + -1. Suppose -4*o + 4 = -v*o. Let n = o + 1. What are the prime factors of n?
2
Suppose 4*c - 17 = -5*a + 23, 0 = -2*c - 5*a + 30. Suppose -t + 3*t - c*g = -12, -3*t + 3*g - 18 = 0. List the prime factors of ((-16)/t)/((-4)/(-6)).
2
Let u(g) = 13*g - 10. Let w be u(8). Suppose 0*a + w = 2*a. Suppose 3*s = -0*q + 4*q - 71, -s = -3*q + a. List the prime factors of q.
2, 7
Suppose 2*r + 4*y = 374, -5*r + 3*y = 2*y - 990. What are the prime factors of r?
197
Let x(z) = z + 4 - 1 + 0. What are the prime factors of x(7)?
2, 5
Suppose -34 = 3*w + 2. Let p = w - -20. List the prime factors of p.
2
Suppose 5*r - h = 441, 2*h + 50 = 3*r - 216. What are the prime factors of r?
2, 11
Let h(d) = 3*d**2 - 10*d + 9. What are the prime factors of h(-6)?
3, 59
Let o be 2/(-5) - (-92)/(-20). Let u be (-19)/o - (-1)/5. Suppose -2*b = i - 12, b = -5*i + u*b + 47. List the prime factors of i.
2, 5
Let m = -6 - -11. Let r(l) = l**2 - 6*l + 7. What are the prime factors of r(m)?
2
Let x(y) = -y**3 + 4*y**2 + 6*y - 2. List the prime factors of x(5).
3
Let i(p) = 4*p**2 + 1. Let b = -8 + 18. Suppose 6 = -z - 2*f, 0 = -z - 2*f - f - b. List the prime factors of i(z).
17
Suppose -3*k + 288 = -0*k. Suppose 12*c - 6*c - k = 0. List the prime factors of c.
2
Suppose 0 = 3*z - z + 4. Let p(l) = -7*l. List the prime factors of p(z).
2, 7
Suppose 0 = -0*r - r + 2*b, 0 = -r - 4*b + 6. Suppose 2*c + r = 0, -3*c + 85 = f + 3*f. List the prime factors of f.
2, 11
Suppose -22 - 